{"id":215,"date":"2025-06-26T11:52:04","date_gmt":"2025-06-26T11:52:04","guid":{"rendered":"http:\/\/thekehf.com\/?post_type=product&#038;p=215"},"modified":"2026-03-13T17:56:09","modified_gmt":"2026-03-13T17:56:09","slug":"renew-serum","status":"publish","type":"product","link":"https:\/\/thekehf.com\/?product=renew-serum","title":{"rendered":"Renew Serum | Retinol &#038; Seramid Destekli Ya\u015flanma Kar\u015f\u0131t\u0131 Yenileyici Serum"},"content":{"rendered":"<div>Cildiniz Uykuda Yenilensin: Retinol\u00fcn G\u00fcc\u00fcn\u00fc Ke\u015ffedin!<\/div>\n<div><\/div>\n<div>The Kehf Renew Serum, ya\u015flanma belirtileriyle sava\u015fan alt\u0131n standart Retinol&#8217;\u00fc, cildin savunma bariyerini g\u00fc\u00e7lendiren Ceramide NP ile birle\u015ftiriyor. Cildin do\u011fal yenilenme d\u00f6ng\u00fcs\u00fcn\u00fc h\u0131zland\u0131r\u0131rken ayn\u0131 zamanda nem dengesini koruyan bu \u00f6zel form\u00fcl, daha s\u0131k\u0131, p\u00fcr\u00fczs\u00fcz ve gen\u00e7 bir g\u00f6r\u00fcn\u00fcm i\u00e7in tasarland\u0131.<\/div>\n<div><\/div>\n<div>\u00d6ne \u00c7\u0131kan \u0130\u00e7erikler:<\/div>\n<div><\/div>\n<div>Retinol: \u0130nce \u00e7izgilerin ve k\u0131r\u0131\u015f\u0131kl\u0131klar\u0131n g\u00f6r\u00fcn\u00fcm\u00fcn\u00fc azaltmaya yard\u0131mc\u0131 olur. Cilt dokusunu d\u00fczeltir, g\u00f6zenekleri s\u0131k\u0131la\u015ft\u0131r\u0131r ve ton e\u015fitsizliklerini gidererek cildi adeta yeniden yap\u0131land\u0131r\u0131r.<\/div>\n<div><\/div>\n<div>Ceramide NP (Seramid): Cilt bariyerini onar\u0131r ve cildin d\u0131\u015f etkenlere kar\u015f\u0131 direncini art\u0131r\u0131r. Retinol\u00fcn yenileyici etkisini cildi yat\u0131\u015ft\u0131rarak destekler.<\/div>\n<div><\/div>\n<div>Sodium Hyaluronate (Hyaluronik Asit): Cilde yo\u011fun nem takviyesi yaparak dolgun bir g\u00f6r\u00fcn\u00fcm kazand\u0131r\u0131r.<\/div>\n<div><\/div>\n<div>Butyrospermum Parkii (Shea) Butter &amp; Aloe Barbadensis Leaf Extract: Cildi derinlemesine besler ve yat\u0131\u015ft\u0131r\u0131r. Retinol kullan\u0131m\u0131na ba\u011fl\u0131 olu\u015fabilecek kuruluk hissini engellemeye yard\u0131mc\u0131 olur.<\/div>\n<div><\/div>\n<div>Neden The Kehf Renew Serum Kullanmal\u0131s\u0131n\u0131z?<\/div>\n<div><\/div>\n<div>Geli\u015fmi\u015f Ya\u015flanma Kar\u015f\u0131t\u0131 Bak\u0131m: Zaman\u0131n izlerini silmek i\u00e7in h\u00fccre yenilenmesini tetikler.<\/div>\n<div><\/div>\n<div>P\u00fcr\u00fczs\u00fcz Cilt Dokusu: Geni\u015flemi\u015f g\u00f6zenek ve p\u00fcr\u00fczl\u00fc cilt yap\u0131s\u0131n\u0131 hedefleyerek p\u00fcr\u00fczs\u00fcz bir y\u00fczey olu\u015fturur.<\/div>\n<div><\/div>\n<div>Bariyer Destekli Yenilenme: Seramid i\u00e7eri\u011fi sayesinde cildi soymadan, nazik\u00e7e ama etkili bir \u015fekilde yeniler.<\/div>\n<div><\/div>\n<div>Uyan\u0131\u015f Etkisi: Sabah uyand\u0131\u011f\u0131n\u0131zda daha dinlenmi\u015f, gergin ve taze bir cilt g\u00f6r\u00fcn\u00fcm\u00fc sunar.<\/div>\n<div><\/div>\n<div><b>Nas\u0131l Kullan\u0131l\u0131r?<\/b><b><br \/>\n<\/b><\/div>\n<div><\/div>\n<div>Sadece gece rutininde, temizlenmi\u015f cildinize 2-3 damla uygulay\u0131n\u0131z. E\u011fer retinol kullan\u0131m\u0131na yeni ba\u015fl\u0131yorsan\u0131z, cildinizi al\u0131\u015ft\u0131rmak i\u00e7in haftada 2-3 gece ile ba\u015flay\u0131p s\u0131kl\u0131\u011f\u0131 kademeli olarak art\u0131rabilirsiniz. Dikkat: G\u00fcnd\u00fczleri cildinizi g\u00fcne\u015fin hassasiyetine kar\u015f\u0131 korumak i\u00e7in mutlaka y\u00fcksek korumal\u0131 bir g\u00fcne\u015f kremi (\u00d6rn: Kehf Radiance Defense SPF 50+) kullan\u0131n\u0131z.<\/div>\n","protected":false},"excerpt":{"rendered":"<h6 class=\"product-title variant-pdp\" data-testid=\"product-title\" data-drroot=\"h1\">Retinol &amp; Seramid Destekli Ya\u015flanma Kar\u015f\u0131t\u0131 Yenileyici Serum 30 ml<\/h6>\n","protected":false},"featured_media":306,"comment_status":"open","ping_status":"closed","template":"","meta":[],"product_brand":[],"product_cat":[18],"product_tag":[35,32],"class_list":{"0":"post-215","1":"product","2":"type-product","3":"status-publish","4":"has-post-thumbnail","6":"product_cat-cilt-bakimi","7":"product_tag-retinol","8":"product_tag-serum","10":"first","11":"instock","12":"shipping-taxable","13":"purchasable","14":"product-type-simple"},"_links":{"self":[{"href":"https:\/\/thekehf.com\/index.php?rest_route=\/wp\/v2\/product\/215","targetHints":{"allow":["GET"]}}],"collection":[{"href":"https:\/\/thekehf.com\/index.php?rest_route=\/wp\/v2\/product"}],"about":[{"href":"https:\/\/thekehf.com\/index.php?rest_route=\/wp\/v2\/types\/product"}],"replies":[{"embeddable":true,"href":"https:\/\/thekehf.com\/index.php?rest_route=%2Fwp%2Fv2%2Fcomments&post=215"}],"wp:featuredmedia":[{"embeddable":true,"href":"https:\/\/thekehf.com\/index.php?rest_route=\/wp\/v2\/media\/306"}],"wp:attachment":[{"href":"https:\/\/thekehf.com\/index.php?rest_route=%2Fwp%2Fv2%2Fmedia&parent=215"}],"wp:term":[{"taxonomy":"product_brand","embeddable":true,"href":"https:\/\/thekehf.com\/index.php?rest_route=%2Fwp%2Fv2%2Fproduct_brand&post=215"},{"taxonomy":"product_cat","embeddable":true,"href":"https:\/\/thekehf.com\/index.php?rest_route=%2Fwp%2Fv2%2Fproduct_cat&post=215"},{"taxonomy":"product_tag","embeddable":true,"href":"https:\/\/thekehf.com\/index.php?rest_route=%2Fwp%2Fv2%2Fproduct_tag&post=215"}],"curies":[{"name":"wp","href":"https:\/\/api.w.org\/{rel}","templated":true}]}}